{"id":62,"date":"2019-03-21T16:33:50","date_gmt":"2019-03-21T15:33:50","guid":{"rendered":"http:\/\/www.testversion.ferienwohnung-upstallsboom.de\/?page_id=62"},"modified":"2019-07-09T01:25:38","modified_gmt":"2019-07-08T23:25:38","slug":"links","status":"publish","type":"page","link":"http:\/\/www.ferienwohnung-upstallsboom.de\/?page_id=62","title":{"rendered":"Links"},"content":{"rendered":"<p>[et_pb_section fb_built=&#8220;1&#8243; _builder_version=&#8220;3.9&#8243; background_image=&#8220;http:\/\/www.testversion.ferienwohnung-upstallsboom.de\/wp-content\/uploads\/2019\/03\/Header-Im-Halg-Klausi.jpg&#8220; border_width_top=&#8220;15px&#8220; border_color_top=&#8220;#3e6b56&#8243; border_width_bottom=&#8220;15px&#8220; border_color_bottom=&#8220;#3e6b56&#8243; box_shadow_style=&#8220;preset1&#8243; custom_padding=&#8220;0||0||false|false&#8220; top_divider_style=&#8220;wave2&#8243; top_divider_color=&#8220;#3e6b56&#8243; top_divider_height=&#8220;45px&#8220; top_divider_flip=&#8220;horizontal&#8220; global_module=&#8220;141&#8243; saved_tabs=&#8220;all&#8220;][et_pb_row _builder_version=&#8220;3.9&#8243;][et_pb_column type=&#8220;3_4&#8243; _builder_version=&#8220;3.9&#8243; parallax=&#8220;off&#8220; parallax_method=&#8220;on&#8220;][et_pb_text _builder_version=&#8220;3.9&#8243; text_font=&#8220;|700|||||||&#8220; text_text_color=&#8220;#ffffff&#8220; text_font_size=&#8220;54px&#8220; text_line_height=&#8220;1.2em&#8220; quote_font=&#8220;||||||||&#8220; header_font=&#8220;|||on|||||&#8220; header_text_align=&#8220;center&#8220; header_font_size=&#8220;42px&#8220; background_layout=&#8220;dark&#8220; custom_margin=&#8220;22px||0px|&#8220; custom_padding=&#8220;|||&#8220;]<\/p>\n<p>&nbsp;<\/p>\n<h1><strong>Ferienwohnung Upstallsboom<\/strong><\/h1>\n<p>[\/et_pb_text][\/et_pb_column][et_pb_column type=&#8220;1_4&#8243; _builder_version=&#8220;3.9&#8243; parallax=&#8220;off&#8220; parallax_method=&#8220;on&#8220;][et_pb_image src=&#8220;http:\/\/www.testversion.ferienwohnung-upstallsboom.de\/wp-content\/uploads\/2019\/03\/3Koepfelogo.png&#8220; _builder_version=&#8220;3.9&#8243; custom_margin=&#8220;50px||0px|&#8220;][\/et_pb_image][\/et_pb_column][\/et_pb_row][\/et_pb_section][et_pb_section fb_built=&#8220;1&#8243; _builder_version=&#8220;3.9&#8243; custom_padding=&#8220;99px|0px|0|0px|false|false&#8220;][et_pb_row custom_padding=&#8220;0|0px|0|0px|false|false&#8220; _builder_version=&#8220;3.9&#8243;][et_pb_column type=&#8220;4_4&#8243; _builder_version=&#8220;3.9&#8243; parallax=&#8220;off&#8220; parallax_method=&#8220;on&#8220;][et_pb_text _builder_version=&#8220;3.9&#8243; text_font=&#8220;||||||||&#8220; text_font_size=&#8220;20px&#8220; header_font=&#8220;|||on|||||&#8220; header_letter_spacing=&#8220;7px&#8220;]<\/p>\n<h1 style=\"text-align: center;\"><strong>Links<\/strong><\/h1>\n<p>[\/et_pb_text][et_pb_text _builder_version=&#8220;3.9&#8243;][\/et_pb_text][et_pb_text _builder_version=&#8220;3.9&#8243; text_font=&#8220;||||||||&#8220; text_font_size=&#8220;20px&#8220;]<\/p>\n<p style=\"text-align: center;\"><em>Wichtige und interessante Verbindungen nach drau\u00dfen<\/em><\/p>\n<p>[\/et_pb_text][et_pb_text _builder_version=&#8220;3.9&#8243;][\/et_pb_text][\/et_pb_column][\/et_pb_row][\/et_pb_section][et_pb_section fb_built=&#8220;1&#8243; _builder_version=&#8220;3.9&#8243; custom_padding=&#8220;0|0px|30px|0px|false|false&#8220;][et_pb_row custom_padding=&#8220;0|0px|0|0|false|false&#8220; _builder_version=&#8220;3.9&#8243;][et_pb_column type=&#8220;1_3&#8243; _builder_version=&#8220;3.9&#8243; parallax=&#8220;off&#8220; parallax_method=&#8220;on&#8220;][et_pb_text _builder_version=&#8220;3.9&#8243; text_font=&#8220;||||||||&#8220;]<\/p>\n<p>&nbsp;<\/p>\n<ul>\n<li><a href=\"http:\/\/www.aurich.de\" target=\"_blank\" class=\"link\" rel=\"noopener noreferrer\">www.aurich.de <\/a><br \/> <a href=\"http:\/\/www.aurich.de\" target=\"_blank\" class=\"link\" rel=\"noopener noreferrer\">Die Internetpr\u00e4senz der Stadt Aurich<\/a><\/li>\n<li><span style=\"color: #686868;\"><a href=\"http:\/\/www.spielpark-klabautermann.de\" target=\"_blank\" class=\"link\" rel=\"noopener noreferrer\">www.spielpark-klabautermann.de<\/a><a href=\"http:\/\/www.spielpark-klabautermann.de\" target=\"_blank\" class=\"link\" rel=\"noopener noreferrer\" style=\"color: #686868;\"><br \/> Spiel und Freitzeitm\u00f6glichkeit f\u00fcr Kinder und Erwachsene <\/a><\/span><\/li>\n<li><a href=\"http:\/\/www.Schloss-Dankern.de\" target=\"_blank\" class=\"link\" rel=\"noopener noreferrer\">www.Schloss-Dankern.de<\/a><br \/> In gesunder Natur gibt es hier ein vielf\u00e4ltiges Erlebnis- und Urlaubsangebot aus \u00fcber 120 Spiel-, Freizeit- und Sportm\u00f6glichkeiten<\/li>\n<li><a href=\"http:\/\/www.Kartbahn-ostfriesland.de\" target=\"_blank\" class=\"link\" rel=\"noopener noreferrer\">www.kartbahn-ostfriesland.de<\/a><br \/> Kartbahn &#8211; der ideale Spa\u00df f\u00fcr die ganze Familie<\/li>\n<\/ul>\n<p>[\/et_pb_text][et_pb_text _builder_version=&#8220;3.9&#8243;][\/et_pb_text][\/et_pb_column][et_pb_column type=&#8220;1_3&#8243; _builder_version=&#8220;3.9&#8243; parallax=&#8220;off&#8220; parallax_method=&#8220;on&#8220;][et_pb_text _builder_version=&#8220;3.9&#8243; text_font=&#8220;||||||||&#8220;]<\/p>\n<p>&nbsp;<\/p>\n<ul>\n<li><a href=\"http:\/\/www.google.de\" target=\"_blank\" class=\"link\" rel=\"noopener noreferrer\">www.google.de<br \/> F\u00fcr die Suche nach der Lage eines Ortes <\/a><\/li>\n<li><a href=\"http:\/\/bib.ostfriesischelandschaft.de\/ol\/index_start.jsp\" target=\"_blank\" class=\"link\" rel=\"noopener noreferrer\">bib.ostfriesischelandschaft.de\/ol\/index_start.jsp<\/a><br \/> \u00dcber Ostfriesland<\/li>\n<li><a href=\"http:\/\/www.KHansenGluschitz.de\" target=\"_blank\" class=\"link\" rel=\"noopener noreferrer\">www.KHansenGluschitz.<br \/> <span style=\"color: #686868;\">Internetseite der K\u00fcnstlerin Katharina Hansen-Gluschitz, die diese Seiten freundlichweise erstellt hat <\/span><\/a><a href=\"http:\/\/www.spielpark-klabautermann.de\" target=\"_blank\" class=\"link\" rel=\"noopener noreferrer\"><span style=\"color: #989898;\"><\/span><\/a><\/li>\n<li><a href=\"http:\/\/www.emsland.de\/\" target=\"_blank\" class=\"link\" rel=\"noopener noreferrer\">www.emsland.de\/<\/a><br \/> Internetseite f\u00fcr die Umgebung des Emslandes<\/li>\n<li><a href=\"http:\/\/www.Kartbahn-ostfriesland.de\" target=\"_blank\" class=\"link\" rel=\"noopener noreferrer\">www.<\/a><a href=\"http:\/\/www.theatergruppe-borssum.de\/\" target=\"_blank\" class=\"link\" rel=\"noopener noreferrer\">www.theatergruppe-borssum.de\/<\/a><br \/> Internetseite einer plattdeutschen Theatergruppe aus der Region Emden<\/li>\n<\/ul>\n<p>[\/et_pb_text][\/et_pb_column][et_pb_column type=&#8220;1_3&#8243; _builder_version=&#8220;3.9&#8243; parallax=&#8220;off&#8220; parallax_method=&#8220;on&#8220;][et_pb_image src=&#8220;http:\/\/www.testversion.ferienwohnung-upstallsboom.de\/wp-content\/uploads\/2019\/07\/48391-2009-08-10-Hu\u0308hner-Ku\u0308ken-Engelsteine.jpg&#8220; align=&#8220;right&#8220; _builder_version=&#8220;3.9&#8243; border_radii=&#8220;on|10px|10px|10px|10px&#8220; border_width_top=&#8220;10px&#8220; border_color_top=&#8220;#3e6b56&#8243; border_width_bottom=&#8220;10px&#8220; border_color_bottom=&#8220;#3e6b56&#8243;][\/et_pb_image][\/et_pb_column][\/et_pb_row][\/et_pb_section][et_pb_section fb_built=&#8220;1&#8243; _builder_version=&#8220;3.9&#8243; background_image=&#8220;http:\/\/www.testversion.ferienwohnung-upstallsboom.de\/wp-content\/uploads\/2019\/03\/Header-Im-Halg-Klausi.jpg&#8220; border_width_top=&#8220;15px&#8220; border_color_top=&#8220;#3e6b56&#8243; border_width_bottom=&#8220;15px&#8220; border_color_bottom=&#8220;#3e6b56&#8243; box_shadow_style=&#8220;preset1&#8243; box_shadow_color=&#8220;rgba(0,0,0,0.43)&#8220; custom_padding=&#8220;0|0px|136px|0px|false|false&#8220; global_module=&#8220;499&#8243; saved_tabs=&#8220;all&#8220;][\/et_pb_section][et_pb_section fb_built=&#8220;1&#8243; _builder_version=&#8220;3.9&#8243; background_color=&#8220;#3e6b56&#8243; custom_padding=&#8220;0|0px|0|0px|false|false&#8220; global_module=&#8220;482&#8243; saved_tabs=&#8220;all&#8220;][et_pb_row custom_padding=&#8220;17px|0px|15px|0px|false|false&#8220; _builder_version=&#8220;3.9&#8243;][et_pb_column type=&#8220;4_4&#8243; _builder_version=&#8220;3.9&#8243; parallax=&#8220;off&#8220; parallax_method=&#8220;on&#8220;][et_pb_text _builder_version=&#8220;3.9&#8243; text_font=&#8220;||||||||&#8220; text_text_color=&#8220;#ffffff&#8220; custom_margin=&#8220;-15px||-7px|&#8220; custom_padding=&#8220;||0px|&#8220;]<\/p>\n<p><strong>zuletzt aktualisiert am<\/strong>:\u00a0 8. Juli 2019<\/p>\n<p>[\/et_pb_text][\/et_pb_column][\/et_pb_row][\/et_pb_section]<\/p>\n","protected":false},"excerpt":{"rendered":"<p>[et_pb_section fb_built=&#8220;1&#8243; _builder_version=&#8220;3.9&#8243; background_image=&#8220;http:\/\/www.testversion.ferienwohnung-upstallsboom.de\/wp-content\/uploads\/2019\/03\/Header-Im-Halg-Klausi.jpg&#8220; border_width_top=&#8220;15px&#8220; border_color_top=&#8220;#3e6b56&#8243; border_width_bottom=&#8220;15px&#8220; border_color_bottom=&#8220;#3e6b56&#8243; box_shadow_style=&#8220;preset1&#8243; custom_padding=&#8220;0||0||false|false&#8220; top_divider_style=&#8220;wave2&#8243; top_divider_color=&#8220;#3e6b56&#8243; top_divider_height=&#8220;45px&#8220; top_divider_flip=&#8220;horizontal&#8220; global_module=&#8220;141&#8243; saved_tabs=&#8220;all&#8220;][et_pb_row _builder_version=&#8220;3.9&#8243;][et_pb_column type=&#8220;3_4&#8243; _builder_version=&#8220;3.9&#8243; parallax=&#8220;off&#8220; parallax_method=&#8220;on&#8220;][et_pb_text _builder_version=&#8220;3.9&#8243; text_font=&#8220;|700|||||||&#8220; text_text_color=&#8220;#ffffff&#8220; text_font_size=&#8220;54px&#8220; text_line_height=&#8220;1.2em&#8220; quote_font=&#8220;||||||||&#8220; header_font=&#8220;|||on|||||&#8220; header_text_align=&#8220;center&#8220; header_font_size=&#8220;42px&#8220; background_layout=&#8220;dark&#8220; custom_margin=&#8220;22px||0px|&#8220; custom_padding=&#8220;|||&#8220;] &nbsp; Ferienwohnung Upstallsboom [\/et_pb_text][\/et_pb_column][et_pb_column type=&#8220;1_4&#8243; _builder_version=&#8220;3.9&#8243; parallax=&#8220;off&#8220; parallax_method=&#8220;on&#8220;][et_pb_image src=&#8220;http:\/\/www.testversion.ferienwohnung-upstallsboom.de\/wp-content\/uploads\/2019\/03\/3Koepfelogo.png&#8220; _builder_version=&#8220;3.9&#8243; custom_margin=&#8220;50px||0px|&#8220;][\/et_pb_image][\/et_pb_column][\/et_pb_row][\/et_pb_section][et_pb_section fb_built=&#8220;1&#8243; _builder_version=&#8220;3.9&#8243; custom_padding=&#8220;99px|0px|0|0px|false|false&#8220;][et_pb_row custom_padding=&#8220;0|0px|0|0px|false|false&#8220; _builder_version=&#8220;3.9&#8243;][et_pb_column type=&#8220;4_4&#8243; _builder_version=&#8220;3.9&#8243; parallax=&#8220;off&#8220; parallax_method=&#8220;on&#8220;][et_pb_text _builder_version=&#8220;3.9&#8243; text_font=&#8220;||||||||&#8220; [&hellip;]<\/p>\n","protected":false},"author":1,"featured_media":0,"parent":0,"menu_order":0,"comment_status":"closed","ping_status":"closed","template":"","meta":[],"_links":{"self":[{"href":"http:\/\/www.ferienwohnung-upstallsboom.de\/index.php?rest_route=\/wp\/v2\/pages\/62"}],"collection":[{"href":"http:\/\/www.ferienwohnung-upstallsboom.de\/index.php?rest_route=\/wp\/v2\/pages"}],"about":[{"href":"http:\/\/www.ferienwohnung-upstallsboom.de\/index.php?rest_route=\/wp\/v2\/types\/page"}],"author":[{"embeddable":true,"href":"http:\/\/www.ferienwohnung-upstallsboom.de\/index.php?rest_route=\/wp\/v2\/users\/1"}],"replies":[{"embeddable":true,"href":"http:\/\/www.ferienwohnung-upstallsboom.de\/index.php?rest_route=%2Fwp%2Fv2%2Fcomments&post=62"}],"version-history":[{"count":10,"href":"http:\/\/www.ferienwohnung-upstallsboom.de\/index.php?rest_route=\/wp\/v2\/pages\/62\/revisions"}],"predecessor-version":[{"id":1147,"href":"http:\/\/www.ferienwohnung-upstallsboom.de\/index.php?rest_route=\/wp\/v2\/pages\/62\/revisions\/1147"}],"wp:attachment":[{"href":"http:\/\/www.ferienwohnung-upstallsboom.de\/index.php?rest_route=%2Fwp%2Fv2%2Fmedia&parent=62"}],"curies":[{"name":"wp","href":"https:\/\/api.w.org\/{rel}","templated":true}]}}

<p>[et_pb_section fb_built=&#8220;1&#8243; _builder_version=&#8220;3.9&#8243; background_image=&#8220;http://www.testversion.ferienwohnung-upstallsboom.de/wp-content/uploads/2019/03/Header-Im-Halg-Klausi.jpg&#8220; border_width_top=&#8220;15px&#8220; border_color_top=&#8220;#3e6b56&#8243; border_width_bottom=&#8220;15px&#8220; border_color_bottom=&#8220;#3e6b56&#8243; box_shadow_style=&#8220;preset1&#8243; custom_padding=&#8220;0||0||false|false&#8220; top_divider_style=&#8220;wave2&#8243; top_divider_color=&#8220;#3e6b56&#8243; top_divider_height=&#8220;45px&#8220; top_divider_flip=&#8220;horizontal&#8220; global_module=&#8220;141&#8243; saved_tabs=&#8220;all&#8220;][et_pb_row _builder_version=&#8220;3.9&#8243;][et_pb_column type=&#8220;3_4&#8243; _builder_version=&#8220;3.9&#8243; parallax=&#8220;off&#8220; parallax_method=&#8220;on&#8220;][et_pb_text _builder_version=&#8220;3.9&#8243; text_font=&#8220;|700|||||||&#8220; text_text_color=&#8220;#ffffff&#8220; text_font_size=&#8220;54px&#8220; text_line_height=&#8220;1.2em&#8220; quote_font=&#8220;||||||||&#8220; header_font=&#8220;|||on|||||&#8220; header_text_align=&#8220;center&#8220; header_font_size=&#8220;42px&#8220; background_layout=&#8220;dark&#8220; custom_margin=&#8220;22px||0px|&#8220; custom_padding=&#8220;|||&#8220;]</p>
<p>&nbsp;</p>
<h1><strong>Ferienwohnung Upstallsboom</strong></h1>
<p>[/et_pb_text][/et_pb_column][et_pb_column type=&#8220;1_4&#8243; _builder_version=&#8220;3.9&#8243; parallax=&#8220;off&#8220; parallax_method=&#8220;on&#8220;][et_pb_image src=&#8220;http://www.testversion.ferienwohnung-upstallsboom.de/wp-content/uploads/2019/03/3Koepfelogo.png&#8220; _builder_version=&#8220;3.9&#8243; custom_margin=&#8220;50px||0px|&#8220;][/et_pb_image][/et_pb_column][/et_pb_row][/et_pb_section][et_pb_section fb_built=&#8220;1&#8243; _builder_version=&#8220;3.9&#8243; custom_padding=&#8220;99px|0px|0|0px|false|false&#8220;][et_pb_row custom_padding=&#8220;0|0px|0|0px|false|false&#8220; _builder_version=&#8220;3.9&#8243;][et_pb_column type=&#8220;4_4&#8243; _builder_version=&#8220;3.9&#8243; parallax=&#8220;off&#8220; parallax_method=&#8220;on&#8220;][et_pb_text _builder_version=&#8220;3.9&#8243; text_font=&#8220;||||||||&#8220; text_font_size=&#8220;20px&#8220; header_font=&#8220;|||on|||||&#8220; header_letter_spacing=&#8220;7px&#8220;]</p>
<h1 style="text-align: center;"><strong>Links</strong></h1>
<p>[/et_pb_text][et_pb_text _builder_version=&#8220;3.9&#8243;][/et_pb_text][et_pb_text _builder_version=&#8220;3.9&#8243; text_font=&#8220;||||||||&#8220; text_font_size=&#8220;20px&#8220;]</p>
<p style="text-align: center;"><em>Wichtige und interessante Verbindungen nach draußen</em></p>
<p>[/et_pb_text][et_pb_text _builder_version=&#8220;3.9&#8243;][/et_pb_text][/et_pb_column][/et_pb_row][/et_pb_section][et_pb_section fb_built=&#8220;1&#8243; _builder_version=&#8220;3.9&#8243; custom_padding=&#8220;0|0px|30px|0px|false|false&#8220;][et_pb_row custom_padding=&#8220;0|0px|0|0|false|false&#8220; _builder_version=&#8220;3.9&#8243;][et_pb_column type=&#8220;1_3&#8243; _builder_version=&#8220;3.9&#8243; parallax=&#8220;off&#8220; parallax_method=&#8220;on&#8220;][et_pb_text _builder_version=&#8220;3.9&#8243; text_font=&#8220;||||||||&#8220;]</p>
<p>&nbsp;</p>
<ul>
<li><a href="http://www.aurich.de" target="_blank" class="link" rel="noopener noreferrer">www.aurich.de </a><br /> <a href="http://www.aurich.de" target="_blank" class="link" rel="noopener noreferrer">Die Internetpräsenz der Stadt Aurich</a></li>
<li><span style="color: #686868;"><a href="http://www.spielpark-klabautermann.de" target="_blank" class="link" rel="noopener noreferrer">www.spielpark-klabautermann.de</a><a href="http://www.spielpark-klabautermann.de" target="_blank" class="link" rel="noopener noreferrer" style="color: #686868;"><br /> Spiel und Freitzeitmöglichkeit für Kinder und Erwachsene </a></span></li>
<li><a href="http://www.Schloss-Dankern.de" target="_blank" class="link" rel="noopener noreferrer">www.Schloss-Dankern.de</a><br /> In gesunder Natur gibt es hier ein vielfältiges Erlebnis- und Urlaubsangebot aus über 120 Spiel-, Freizeit- und Sportmöglichkeiten</li>
<li><a href="http://www.Kartbahn-ostfriesland.de" target="_blank" class="link" rel="noopener noreferrer">www.kartbahn-ostfriesland.de</a><br /> Kartbahn &#8211; der ideale Spaß für die ganze Familie</li>
</ul>
<p>[/et_pb_text][et_pb_text _builder_version=&#8220;3.9&#8243;][/et_pb_text][/et_pb_column][et_pb_column type=&#8220;1_3&#8243; _builder_version=&#8220;3.9&#8243; parallax=&#8220;off&#8220; parallax_method=&#8220;on&#8220;][et_pb_text _builder_version=&#8220;3.9&#8243; text_font=&#8220;||||||||&#8220;]</p>
<p>&nbsp;</p>
<ul>
<li><a href="http://www.google.de" target="_blank" class="link" rel="noopener noreferrer">www.google.de<br /> Für die Suche nach der Lage eines Ortes </a></li>
<li><a href="http://bib.ostfriesischelandschaft.de/ol/index_start.jsp" target="_blank" class="link" rel="noopener noreferrer">bib.ostfriesischelandschaft.de/ol/index_start.jsp</a><br /> Über Ostfriesland</li>
<li><a href="http://www.KHansenGluschitz.de" target="_blank" class="link" rel="noopener noreferrer">www.KHansenGluschitz.<br /> <span style="color: #686868;">Internetseite der Künstlerin Katharina Hansen-Gluschitz, die diese Seiten freundlichweise erstellt hat </span></a><a href="http://www.spielpark-klabautermann.de" target="_blank" class="link" rel="noopener noreferrer"><span style="color: #989898;"></span></a></li>
<li><a href="http://www.emsland.de/" target="_blank" class="link" rel="noopener noreferrer">www.emsland.de/</a><br /> Internetseite für die Umgebung des Emslandes</li>
<li><a href="http://www.Kartbahn-ostfriesland.de" target="_blank" class="link" rel="noopener noreferrer">www.</a><a href="http://www.theatergruppe-borssum.de/" target="_blank" class="link" rel="noopener noreferrer">www.theatergruppe-borssum.de/</a><br /> Internetseite einer plattdeutschen Theatergruppe aus der Region Emden</li>
</ul>
<p>[/et_pb_text][/et_pb_column][et_pb_column type=&#8220;1_3&#8243; _builder_version=&#8220;3.9&#8243; parallax=&#8220;off&#8220; parallax_method=&#8220;on&#8220;][et_pb_image src=&#8220;http://www.testversion.ferienwohnung-upstallsboom.de/wp-content/uploads/2019/07/48391-2009-08-10-Hühner-Küken-Engelsteine.jpg&#8220; align=&#8220;right&#8220; _builder_version=&#8220;3.9&#8243; border_radii=&#8220;on|10px|10px|10px|10px&#8220; border_width_top=&#8220;10px&#8220; border_color_top=&#8220;#3e6b56&#8243; border_width_bottom=&#8220;10px&#8220; border_color_bottom=&#8220;#3e6b56&#8243;][/et_pb_image][/et_pb_column][/et_pb_row][/et_pb_section][et_pb_section fb_built=&#8220;1&#8243; _builder_version=&#8220;3.9&#8243; background_image=&#8220;http://www.testversion.ferienwohnung-upstallsboom.de/wp-content/uploads/2019/03/Header-Im-Halg-Klausi.jpg&#8220; border_width_top=&#8220;15px&#8220; border_color_top=&#8220;#3e6b56&#8243; border_width_bottom=&#8220;15px&#8220; border_color_bottom=&#8220;#3e6b56&#8243; box_shadow_style=&#8220;preset1&#8243; box_shadow_color=&#8220;rgba(0,0,0,0.43)&#8220; custom_padding=&#8220;0|0px|136px|0px|false|false&#8220; global_module=&#8220;499&#8243; saved_tabs=&#8220;all&#8220;][/et_pb_section][et_pb_section fb_built=&#8220;1&#8243; _builder_version=&#8220;3.9&#8243; background_color=&#8220;#3e6b56&#8243; custom_padding=&#8220;0|0px|0|0px|false|false&#8220; global_module=&#8220;482&#8243; saved_tabs=&#8220;all&#8220;][et_pb_row custom_padding=&#8220;17px|0px|15px|0px|false|false&#8220; _builder_version=&#8220;3.9&#8243;][et_pb_column type=&#8220;4_4&#8243; _builder_version=&#8220;3.9&#8243; parallax=&#8220;off&#8220; parallax_method=&#8220;on&#8220;][et_pb_text _builder_version=&#8220;3.9&#8243; text_font=&#8220;||||||||&#8220; text_text_color=&#8220;#ffffff&#8220; custom_margin=&#8220;-15px||-7px|&#8220; custom_padding=&#8220;||0px|&#8220;]</p>
<p><strong>zuletzt aktualisiert am</strong>:  8. Juli 2019</p>
<p>[/et_pb_text][/et_pb_column][/et_pb_row][/et_pb_section]</p>
